be 0 + n + 1 + 4. Let c(q) = -q**2 + 4*q + 1. What is c(r)?
-11
Suppose -4*s + 3 = -5*s. Let a(k) = -6*k + 3. Calculate a(s).
21
Let d(f) be the third derivative of f**5/30 + f**4/24 + f**3/6 + 628*f**2. Determine d(2).
11
Let d(l) be the first derivative of -l**7/840 + l**6/60 - l**5/120 + 5*l**4/24 - 2*l**3 + 12. Let p(v) be the third derivative of d(v). Calculate p(6).
-1
Let q(o) = 179*o**2 - 184*o**2 - 3 + 4. Calculate q(1).
-4
Suppose 3*q - 4*k = 8, 3*k = 4*q - 12 - 1. Let v be 22/4 + 0 + q/8. Let z(i) = i**3 - 3 - 9*i**2 - 4*i + 4*i**2 + 0*i**2 - 3*i. What is z(v)?
-9
Let t(b) = 6*b + 3. Let w(u) = -u - 1. Suppose 4*j = 1 + 3. Let h(m) = m**3 + 6*m**2 - 2*m - 7. Let z be h(-6). Let c(y) = j*t(y) + z*w(y). What is c(5)?
3
Let h(p) = -p**3 + 14*p**2 - 49*p + 2. Let z be h(8). Let c(j) = -j**3 - 6*j**2 + 4. Determine c(z).
4
Let v(f) = 5*f**3 - 4*f**2 + f + 1. Let r be v(2). Let x = 13 - r. Let a = x - -17. Let p(o) = -2*o + 2. Give p(a).
-4
Let r(k) be the first derivative of -k**6/120 - k**5/15 + k**4/8 + k**3/6 - 5*k**2/2 - 12. Let b(a) be the second derivative of r(a). What is b(-3)?
-17
Let w(r) = 7*r**3 + 15*r**2 + 5*r + 12. Let v(k) = 4*k**3 + 8*k**2 + 3*k + 6. Let i(m) = 5*v(m) - 3*w(m). Determine i(-5).
-6
Let r(t) = t**2 + 61*t + 3 - 136*t + 70*t. What is r(4)?
-1
Let s(g) = 28*g - 22*g + 3 - 4. Suppose 0 = p + 4*p + 3*t - 1, 0 = -3*p + 2*t - 7. Determine s(p).
-7
Let w(k) = -k**2 - 4*k + 4. Let q(i) = -i - 3. Let u be q(0). Let s be u - 4*2/(-1). Let g be s/(1*(-1 - 0)). What is w(g)?
-1
Let j be (1 - -17)*(-1)/2. Let u = 9 + j. Let d(b) = 6*b**2 + 4*b - 8*b**2 + u - b**3 + 1. What is d(-3)?
-2
Let p(f) = 3*f**2 + 14*f - 8. Let q(u) = 2*u**2 + 9*u - 5. Let k(i) = -5*p(i) + 8*q(i). Calculate k(-4).
8
Let r(l) be the second derivative of -l**5/20 + l**4/2 + l**2/2 - 18*l. Let m(n) = n**2 + 14*n + 19. Let a be m(-13). Determine r(a).
1
Let r(t) be the third derivative of 1/2*t**3 + 19*t**2 + 1 + 1/120*t**6 + 0*t - 2/15*t**5 + 1/3*t**4. What is r(7)?
10
Let r(v) be the first derivative of v**4/12 + 7*v**3/6 + 2*v**2 + 15*v + 5. Let k(w) be the first derivative of r(w). Let o be ((-7)/2)/(2/4). What is k(o)?
4
Let v = 194 + -189. Let x(p) = -p + 7. Determine x(v).
2
Let g = -11 - -16. Let o(y) = y**2 + 5 + 4 + g. Let v be 0 + 7 + 56/(-8). Give o(v).
14
Suppose 5*x - c = 29, -3*x + 0*c + 31 = -4*c. Suppose -3*v = -0 - 9. Let j(w) = -v*w**2 + 7 + 2*w**2 - 1 + 5*w - 8. Calculate j(x).
-2
Let s be (-14)/((-16)/(-56) + 16/42). Let m(b) = b**3 + 21*b**2 - b - 15. Calculate m(s).
6
Let q(r) be the second derivative of -r**5/20 - 5*r**4/6 + 2*r**3 + 2*r**2 + 132*r + 1. What is q(-11)?
-7
Let r = 101 - 99. Let n(s) = 8*s + 10*s**2 - 3*s**3 - 4 - 6*s**r + 6*s**3 - 4*s**3. Suppose 3*k - 20 = -k. Determine n(k).
11
Let n(w) = -2*w**3 - 6*w**2 + 2*w + 2. Let j(a) = 3*a**3 + 7*a**2 - 2*a - 3. Let z(o) = 3*j(o) + 4*n(o). Suppose -19*p = -33 - 5. Give z(p).
-1
Suppose 3*k - 4 - 5 = 0. Let y = k - 3. Let v(z) be the second derivative of z**4/12 - z**3/6 + z**2/2 + 21*z. Give v(y).
1
Let l(f) = 2*f - 2 + f - 4*f. Let k(j) be the second derivative of -j**5/20 - 7*j**4/12 + 2*j**3/3 - 35*j**2/2 - 12*j. Let q be k(-8). Give l(q).
1
Let a be ((21 - -3)/4)/(0 + 2). Let d(i) = -2*i**2 + 2*i + 2. Calculate d(a).
-10
Let t be ((-240)/56)/(2/(-14)). Let s be 4*(t/8 + -3). Let u(m) = 0 - 6*m**2 - 1 + m**s - 2*m + 5*m**2. Give u(2).
-1
Let x(q) = q**3 - 4*q**2 + 7. Let z = -1153 - -1157. Calculate x(z).
7
Let y = 3 - 6. Let b(c) = 3*c + 5. Let p(i) = i + 2. Let w(j) = y*b(j) + 7*p(j). Let t(f) = f**3 - 12*f**2 + 3*f - 33. Let l be t(12). Calculate w(l).
-7
Let p(a) be the second derivative of 3*a**2 - 2*a - 1/3*a**3 + 0. Determine p(5).
-4
Let k(z) be the first derivative of -z**3/3 + 2*z**2 - z + 2. Let g(s) = 2*s**2 + 3*s**2 - 2 - 3*s - 6*s**2 + 4*s**2. Let y be g(-1). What is k(y)?
-1
Let s(q) = -q**3 + 5*q**2 - 5*q + 2. Let k be s(4). Let b(l) = l + 23 - 14 - 5 - 3. Let v(c) = -5*c. Let n(g) = -3*b(g) + v(g). Give n(k).
13
Let g(o) = -3*o - 18. Suppose -47 = -5*q - 87. What is g(q)?
6
Let l(c) = 2*c**2 + 4*c + 2. Let s be l(-2). Let d(u) = -3*u + 11. Let k(j) = 2*j - 5. Let r(v) = s*d(v) + 5*k(v). Give r(2).
5
Let l(g) = -14 - 5 - 5 + 31 - 9 - 6*g. Calculate l(-6).
34
Let l(m) = -m**3 + m**2 + m - 1. Let u be l(2). Let o(r) be the third derivative of -r**4/24 + r**3/3 - 176*r**2. Determine o(u).
5
Let v = -31 - -30. Let i(w) = -w + 4*w + 14*w**2 - w - w. Determine i(v).
13
Let a(v) = -v**3 - 13*v**2 + 15*v. Let j(b) = 31*b - 200. Let h be j(6). What is a(h)?
-14
Let r(u) = -2*u**2 - 13*u - 12. Suppose 2169*k + 55 = 2158*k. Calculate r(k).
3
Let x(m) = 20*m - 1. Let d = 9 + -10. Let t be 2/(-6)*(-1)/d*-3. What is x(t)?
19
Let y(w) = 5*w + 45. Let h be y(-9). Suppose 3*d - 40 = -5*p, h = -p + 4*d - 0*d - 15. Let t(j) = -2*j. What is t(p)?
-10
Suppose 14*a - 171 - 53 = 0. Suppose h - 5*h + 5*u = -2, 2*h = -5*u + a. Let x(k) = k - 1. Determine x(h).
2
Let a(u) = 15 + 3*u - 9*u + 4*u - u + u. Determine a(7).
1
Suppose -15*s + 27 = -108. Let x(i) = -2*i + 22. Give x(s).
4
Let s(c) be the first derivative of -2 + 7/2*c**2 + 1/24*c**4 - 5/3*c**3 + 0*c. Let q(a) be the second derivative of s(a). Determine q(8).
-2
Let g(f) be the second derivative of f**4/6 - f**3/6 + f**2/2 - 2*f - 16. Determine g(2).
7
Suppose -s + 5 = 4, 31 = 2*p + s. Let t(r) = p - 11 + 2*r + 3. Give t(5).
17
Suppose -29*o = -235 - 26. Let a(z) = 2*z. What is a(o)?
18
Let x(p) = 4*p - 4. Let s(c) = 2*c**2 + 2*c - 1. Let z(i) = 3*s(i) - x(i). Calculate z(-1).
5
Let o(i) = 3*i**2 + 5*i + 2. Let k(d) = -10*d**2 - 16*d - 8. Let c(j) = 2*k(j) + 7*o(j). Let s(l) = -l**3 + 9*l**2 + 8*l + 14. Let m be s(10). Determine c(m).
16
Let f(r) = -r**2 - r - 4. Suppose 5 = 2*b - 3, 2*d = -3*b + 4. Calculate f(d).
-16
Let s = 68 + -64. Let b(k) = 5*k**2 + 10. Let t(z) = 14*z**2 + 29. Let g(c) = s*t(c) - 11*b(c). Determine g(0).
6
Let o be (-2 + 6)*2/4. Suppose -o*x - y = -4*x - 5, -2*y + 7 = -x. Let j(m) = 9*m. What is j(x)?
-9
Let u be (11/(55/2))/((-4)/(-30)). Let p(t) be the second derivative of 0 + 1/6*t**u + 2*t + 2*t**2. What is p(-6)?
-2
Let u(t) = t**3 + t**2 + t + 1. Let c(n) = n**3 - 14*n**2 + n - 16. Let v be c(14). Let q be u(v). Let s(o) = o**2 + 3*o - 17 + 17. Give s(q).
10
Let x(n) = -10*n - 1. Let c = -18 - -23. Let b(w) = 10 - 3*w**2 - c*w + 4*w**2 + 14*w + 3*w. Let i be b(-11). Determine x(i).
9
Let p(y) = -y - 6. Suppose -5*d + 4*b = 92 + 82, -d - 2*b - 32 = 0. Let z = 26 + d. Determine p(z).
2
Suppose -34 = 5*l + 3*g, 5*g - 11*g - 13 = -l. Let a(j) = -j + 0*j + 0*j - 6. Determine a(l).
-1
Let z(k) = k**3 - 7*k**2 + 8*k - 4. Let j(s) = -s**2 + 7*s - 3. Let f be j(-5). Let m = f - -69. Calculate z(m).
8
Let j(o) = 112*o**2 - 6*o - 344*o**2 + 115*o**2 + 21 + 116*o**2. Determine j(-8).
5
Let s(b) = -2*b**3 + 3*b + 2. Let o be (2/(-4))/(6/36). Give s(o).
47
Let d = 256 + -254. Suppose -u + 2 = -0*u. Let p(o) = o - u*o + d*o. What is p(3)?
3
Let y(j) = -11*j + 4 + 34*j**2 - 17*j - 16*j**2 - 8*j**2 - 7*j**2. Determine y(9).
-5
Let a(k) = -k + 1. Let g(s) = -s**2 + 3*s + 3. Let b = -132 + 133. Let r(y) = b*g(y) - 2*a(y). Determine r(6).
-5
Let y(o) = o**2 + 23*o + 14. Let i be y(-22). Let u(l) = -l**2 - 8*l - 3. Give u(i).
-3
Suppose 0 = -12*u - 0 + 24. Let m(y) = 11*y - y**u - 21 - 2*y + 16. Give m(7).
9
Let w(q) = -2*q - 1. Suppose -17 = -2*h - 3*l - 2*l, 1 = h + l. Give w(h).
7
Let l(z) be the first derivative of 33 + 3/2*z**2 - 1/3*z**3 - 1/4*z**4 + z. What is l(-2)?
-1
Let z(a) = a - 4. Suppose 8 = 4*w, 5*h - 13 = -0*w - 4*w. Let s be 91/(-21) + h/3. Determine z(s).
-8
Let j(i) be the second derivative of -i**4/12 - i**3/3 - 124*i - 2. Let h(u) = -u**3 + 3*u**2 + 4*u - 3. Let b be h(4). Give j(b).
-3
Let v(i) = -5*i**2 - 12*i + 3. Let d(w) = -w - 2 - 4*w**2 + 5 - 12*w + 2*w. Let s(y) = -6*d(y) + 5*v(y). Let t(x) = x + 5. Let a be t(-2). What is s(a)?
6
Suppose 9 = 5*x - 1. Suppose -x*a - 11 = -5*n, 0 = -4*a - 4*n + n - 9. Let g(f) be the first derivative of f**4/4 + f**3/3 - 2*f**2 - 17. Give g(a).
-6
Suppose 0*o + 5*k + 16 = -4*o, 0 = -2*o - 3*k - 10. Let m(n) = n - 3. Calculate m(o).
-2
Suppose 0 = -32*j + 26*j - 84. Let c(u) = -3*u - 8. Calculate c(j).
34
Let l be (-2)/(2/(-6)*2). Suppose 